{"id":2,"date":"2025-06-13T16:01:33","date_gmt":"2025-06-13T14:01:33","guid":{"rendered":"http:\/\/mxtxyvy.cluster100.hosting.ovh.net\/?page_id=2"},"modified":"2026-04-16T16:58:04","modified_gmt":"2026-04-16T14:58:04","slug":"page-d-exemple","status":"publish","type":"page","link":"https:\/\/aedip.fr\/index.php\/page-d-exemple\/","title":{"rendered":"Expertise &#038; Avis"},"content":{"rendered":"\n<p>Expertise certifi\u00e9e &amp; Confiance client<\/p>\n\n\n\n<blockquote class=\"wp-block-quote is-layout-flow wp-block-quote-is-layout-flow\">\n<p><strong>Votre s\u00e9curit\u00e9 et votre s\u00e9r\u00e9nit\u00e9 sont au c\u0153ur de nos interventions. Pour vous garantir un service irr\u00e9prochable, nous cultivons une double exigence : l\u2019excellence technique et la satisfaction de ceux qui nous font confiance.<\/strong><\/p>\n<\/blockquote>\n\n\n\n<h3 class=\"wp-block-heading\">\ud83d\udee1\ufe0f Un savoir-faire reconnu par les autorit\u00e9s<\/h3>\n\n\n\n<p>Parce que l&rsquo;informatique ne s&rsquo;improvise pas, nous maintenons nos comp\u00e9tences au plus haut niveau de l&rsquo;\u00c9tat pour prot\u00e9ger vos infrastructures et vos donn\u00e9es.<\/p>\n\n\n\n<ul class=\"wp-block-list\">\n<li><strong>S\u00e9curit\u00e9 Num\u00e9rique (ANSSI) :<\/strong> Certification valid\u00e9e en 2026. Nous ma\u00eetrisons les r\u00e8gles d&rsquo;or de la cybers\u00e9curit\u00e9 pour prot\u00e9ger votre entreprise contre les menaces actuelles.<\/li>\n\n\n\n<li><strong>Protection des Donn\u00e9es (CNIL) :<\/strong> Expertise confirm\u00e9e par le MOOC de la CNIL en 2026. Nous garantissons que vos donn\u00e9es personnelles et celles de vos clients sont trait\u00e9es dans le strict respect du RGPD.<\/li>\n<\/ul>\n\n\n\n<hr class=\"wp-block-separator has-alpha-channel-opacity\"\/>\n\n\n\n<h3 class=\"wp-block-heading\">\u2b50 Ce que nos clients disent de nous<\/h3>\n\n\n\n<p>La meilleure preuve de notre engagement, c\u2019est vous qui en parlez le mieux. Avec une note de <strong>5\/5<\/strong>, nous mettons un point d&rsquo;honneur \u00e0 accompagner chaque projet avec r\u00e9activit\u00e9 et professionnalisme.<\/p>\n\n\n\n<div class=\"wp-block-columns is-layout-flex wp-container-core-columns-is-layout-9d6595d7 wp-block-columns-is-layout-flex\">\n<div class=\"wp-block-column is-layout-flow wp-block-column-is-layout-flow\">\n<figure class=\"wp-block-image size-full\"><a href=\"https:\/\/www.google.com\/search?client=safari&amp;hs=Tfip&amp;sca_esv=00e10f0057297768&amp;hl=fr-fr&amp;sxsrf=ANbL-n7IZmYx7Hfi1VfsvJWHMGhtpYoMoA:1776351291552&amp;q=aedip+avis&amp;ludocid=5729319302462467605&amp;ibp=gwp;0,7&amp;sa=X&amp;ved=2ahUKEwiyxOqd0PKTAxWfT6QEHeX5DscQ9fQKegUIhQEQBg&amp;biw=428&amp;bih=825&amp;dpr=3#lkt=LocalPoiReviews&amp;lpg=cid:CgIgAQ%3D%3D\"><img loading=\"lazy\" decoding=\"async\" width=\"202\" height=\"105\" src=\"https:\/\/aedip.fr\/wp-content\/uploads\/2026\/04\/Avis-Google-1.jpg\" alt=\"\" class=\"wp-image-213\"\/><\/a><\/figure>\n<\/div>\n\n\n\n<div class=\"wp-block-column is-layout-flow wp-block-column-is-layout-flow\">\n<figure class=\"wp-block-image size-full\"><a href=\"https:\/\/www.pagesjaunes.fr\/pros\/64080136\"><img loading=\"lazy\" decoding=\"async\" width=\"193\" height=\"107\" src=\"https:\/\/aedip.fr\/wp-content\/uploads\/2026\/04\/Avis-Pages-Jaunes-2.jpg\" alt=\"\" class=\"wp-image-212\"\/><\/a><\/figure>\n<\/div>\n<\/div>\n\n\n\n<h3 class=\"wp-block-heading\">Pourquoi nous faire confiance ?<\/h3>\n\n\n\n<p>Choisir <strong>AEDIP<\/strong>, c&rsquo;est opter pour un partenaire qui allie la <strong>rigueur d&rsquo;un expert certifi\u00e9<\/strong> \u00e0 la <strong>proximit\u00e9 d&rsquo;un prestataire \u00e0 l&rsquo;\u00e9coute<\/strong>.<\/p>\n","protected":false},"excerpt":{"rendered":"<p>Expertise certifi\u00e9e &amp; Confiance client Votre s\u00e9curit\u00e9 et votre s\u00e9r\u00e9nit\u00e9 sont au c\u0153ur de nos interventions. Pour vous garantir un service irr\u00e9prochable, nous cultivons une double exigence : l\u2019excellence technique et la satisfaction de ceux qui nous font confiance. \ud83d\udee1\ufe0f Un savoir-faire reconnu par les autorit\u00e9s Parce que l&rsquo;informatique ne s&rsquo;improvise pas, nous maintenons nos [&hellip;]<\/p>\n","protected":false},"author":1,"featured_media":0,"parent":0,"menu_order":0,"comment_status":"closed","ping_status":"closed","template":"","meta":{"footnotes":""},"class_list":["post-2","page","type-page","status-publish","hentry"],"_links":{"self":[{"href":"https:\/\/aedip.fr\/index.php\/wp-json\/wp\/v2\/pages\/2","targetHints":{"allow":["GET"]}}],"collection":[{"href":"https:\/\/aedip.fr\/index.php\/wp-json\/wp\/v2\/pages"}],"about":[{"href":"https:\/\/aedip.fr\/index.php\/wp-json\/wp\/v2\/types\/page"}],"author":[{"embeddable":true,"href":"https:\/\/aedip.fr\/index.php\/wp-json\/wp\/v2\/users\/1"}],"replies":[{"embeddable":true,"href":"https:\/\/aedip.fr\/index.php\/wp-json\/wp\/v2\/comments?post=2"}],"version-history":[{"count":10,"href":"https:\/\/aedip.fr\/index.php\/wp-json\/wp\/v2\/pages\/2\/revisions"}],"predecessor-version":[{"id":231,"href":"https:\/\/aedip.fr\/index.php\/wp-json\/wp\/v2\/pages\/2\/revisions\/231"}],"wp:attachment":[{"href":"https:\/\/aedip.fr\/index.php\/wp-json\/wp\/v2\/media?parent=2"}],"curies":[{"name":"wp","href":"https:\/\/api.w.org\/{rel}","templated":true}]}}