{"id":14,"date":"2025-08-03T08:58:12","date_gmt":"2025-08-03T06:58:12","guid":{"rendered":"https:\/\/aedip.fr\/?page_id=14"},"modified":"2026-03-27T10:36:16","modified_gmt":"2026-03-27T09:36:16","slug":"nos-services","status":"publish","type":"page","link":"https:\/\/aedip.fr\/index.php\/nos-services\/","title":{"rendered":"Nos Services"},"content":{"rendered":"\n<h2 class=\"wp-block-heading\">1. T\u00e9l\u00e9phonie VoIP<\/h2>\n\n\n\n<p>Installation, configuration et maintenance de solutions VoIP professionnelles. Acqu\u00e9rir un num\u00e9ro professionnel, r\u00e9server un nom de domaine, cr\u00e9ation d\u2019un mail professionnel. Nous intervenons pour les op\u00e9rateurs professionnels et les particuliers, garantissant une communication fiable et moderne.<\/p>\n\n\n\n<h2 class=\"wp-block-heading\">2. Domotique connect\u00e9e<\/h2>\n\n\n\n<p>Maison intelligente et automatisation compl\u00e8te : volets roulants, \u00e9clairages, syst\u00e8mes d&rsquo;alarme. Solutions sur-mesure pour votre confort et s\u00e9curit\u00e9 au quotidien.<\/p>\n\n\n\n<h2 class=\"wp-block-heading\">3. Cam\u00e9ras IP &amp; s\u00e9curit\u00e9<\/h2>\n\n\n\n<p>Vid\u00e9osurveillance connect\u00e9e avec consultation \u00e0 distance. Installations fiables et s\u00e9curis\u00e9es pour prot\u00e9ger vos biens et surveiller vos espaces \u00e0 tout moment.<\/p>\n\n\n\n<h2 class=\"wp-block-heading\">4. Cr\u00e9ation de sites internet sur mesure<\/h2>\n\n\n\n<p>Besoin d&rsquo;une visibilit\u00e9 optimale sur le web ? Je vous accompagne dans la conception et la r\u00e9alisation de votre site internet (vitrine ou e-commerce). De la structure technique au design, je cr\u00e9e pour vous un outil performant, s\u00e9curis\u00e9 et enti\u00e8rement adapt\u00e9 \u00e0 votre image pour transformer vos visiteurs en clients.<\/p>\n\n\n\n<p><a href=\"https:\/\/www.labo-aedip.fr\">https:\/\/www.labo-aedip.fr<\/a><\/p>\n\n\n\n<h2 class=\"wp-block-heading\">5. Int\u00e9gration &amp; configuration Raspberry Pi<\/h2>\n\n\n\n<p>Solutions embarqu\u00e9es et prototypes personnalis\u00e9s. Conseils d&rsquo;experts pour vos projets innovants et d\u00e9veloppements sur-mesure.<\/p>\n\n\n\n<h2 class=\"wp-block-heading\">6. Installation,  r\u00e9paration et optimisation d\u2019ordinateur.<\/h2>\n\n\n\n<p>Que ce soit pour un ordinateur portable ou un pc fixe nous avons la solution adapt\u00e9e \u00e0 votre demande.<\/p>\n\n\n\n<hr class=\"wp-block-separator has-alpha-channel-opacity\"\/>\n\n\n\n<p><strong><a href=\"https:\/\/aedip.fr\/index.php\/contact\/\" data-type=\"page\" data-id=\"16\">Contactez-nous<\/a> pour un devis sur-mesure ou discuter de votre projet num\u00e9rique !<\/strong><\/p>\n\n\n\n<p><\/p>\n","protected":false},"excerpt":{"rendered":"<p>1. T\u00e9l\u00e9phonie VoIP Installation, configuration et maintenance de solutions VoIP professionnelles. Acqu\u00e9rir un num\u00e9ro professionnel, r\u00e9server un nom de domaine, cr\u00e9ation d\u2019un mail professionnel. Nous intervenons pour les op\u00e9rateurs professionnels et les particuliers, garantissant une communication fiable et moderne. 2. Domotique connect\u00e9e Maison intelligente et automatisation compl\u00e8te : volets roulants, \u00e9clairages, syst\u00e8mes d&rsquo;alarme. Solutions sur-mesure [&hellip;]<\/p>\n","protected":false},"author":1,"featured_media":0,"parent":0,"menu_order":0,"comment_status":"closed","ping_status":"closed","template":"","meta":{"footnotes":""},"class_list":["post-14","page","type-page","status-publish","hentry"],"_links":{"self":[{"href":"https:\/\/aedip.fr\/index.php\/wp-json\/wp\/v2\/pages\/14","targetHints":{"allow":["GET"]}}],"collection":[{"href":"https:\/\/aedip.fr\/index.php\/wp-json\/wp\/v2\/pages"}],"about":[{"href":"https:\/\/aedip.fr\/index.php\/wp-json\/wp\/v2\/types\/page"}],"author":[{"embeddable":true,"href":"https:\/\/aedip.fr\/index.php\/wp-json\/wp\/v2\/users\/1"}],"replies":[{"embeddable":true,"href":"https:\/\/aedip.fr\/index.php\/wp-json\/wp\/v2\/comments?post=14"}],"version-history":[{"count":8,"href":"https:\/\/aedip.fr\/index.php\/wp-json\/wp\/v2\/pages\/14\/revisions"}],"predecessor-version":[{"id":206,"href":"https:\/\/aedip.fr\/index.php\/wp-json\/wp\/v2\/pages\/14\/revisions\/206"}],"wp:attachment":[{"href":"https:\/\/aedip.fr\/index.php\/wp-json\/wp\/v2\/media?parent=14"}],"curies":[{"name":"wp","href":"https:\/\/api.w.org\/{rel}","templated":true}]}}